{"id":69,"date":"2019-11-17T09:00:00","date_gmt":"2019-11-17T08:00:00","guid":{"rendered":"http:\/\/www.trisomie-18.de\/blog\/?page_id=69"},"modified":"2025-10-25T07:46:41","modified_gmt":"2025-10-25T05:46:41","slug":"uber-diesen-blog","status":"publish","type":"page","link":"https:\/\/www.trisomie-18.de\/blog\/uber-diesen-blog\/","title":{"rendered":"Das Leben von Ja\u00ebl"},"content":{"rendered":"\t\t<div data-elementor-type=\"wp-page\" data-elementor-id=\"69\" class=\"elementor elementor-69\" data-elementor-settings=\"[]\">\n\t\t\t\t\t\t<div class=\"elementor-inner\">\n\t\t\t\t\t\t\t<div class=\"elementor-section-wrap\">\n\t\t\t\t\t\t\t<section class=\"elementor-section elementor-top-section elementor-element elementor-element-5bab7b6 elementor-section-boxed elementor-section-height-default elementor-section-height-default\" data-id=\"5bab7b6\" data-element_type=\"section\">\n\t\t\t\t\t\t<div class=\"elementor-container elementor-column-gap-default\">\n\t\t\t\t\t\t\t<div class=\"elementor-row\">\n\t\t\t\t\t<div class=\"elementor-column elementor-col-100 elementor-top-column elementor-element elementor-element-c4aa2fa\" data-id=\"c4aa2fa\" data-element_type=\"column\">\n\t\t\t<div class=\"elementor-column-wrap elementor-element-populated\">\n\t\t\t\t\t\t\t<div class=\"elementor-widget-wrap\">\n\t\t\t\t\t\t<div class=\"elementor-element elementor-element-b3214f5 gallery-spacing-custom elementor-widget elementor-widget-image-gallery\" data-id=\"b3214f5\" data-element_type=\"widget\" data-widget_type=\"image-gallery.default\">\n\t\t\t\t<div class=\"elementor-widget-container\">\n\t\t\t\t\t<div class=\"elementor-image-gallery\">\n\t\t\t<div id='gallery-1' class='gallery galleryid-69 gallery-columns-3 gallery-size-medium'><figure class='gallery-item'>\n\t\t\t<div class='gallery-icon portrait'>\n\t\t\t\t<a data-elementor-open-lightbox=\"yes\" data-elementor-lightbox-slideshow=\"b3214f5\" data-elementor-lightbox-title=\"Kurz nach der Geburt (September 2001)\" href='https:\/\/www.trisomie-18.de\/blog\/wp-content\/uploads\/2016\/03\/Jael02.jpeg'><img width=\"206\" height=\"300\" src=\"https:\/\/www.trisomie-18.de\/blog\/wp-content\/uploads\/2016\/03\/Jael02-206x300.jpeg\" class=\"attachment-medium size-medium\" alt=\"Ja\u00ebl (Trisomie 18) kurz nach der Geburt, die Augen sind noch geschlossen.\" loading=\"lazy\" srcset=\"https:\/\/www.trisomie-18.de\/blog\/wp-content\/uploads\/2016\/03\/Jael02-206x300.jpeg 206w, https:\/\/www.trisomie-18.de\/blog\/wp-content\/uploads\/2016\/03\/Jael02-704x1024.jpeg 704w, https:\/\/www.trisomie-18.de\/blog\/wp-content\/uploads\/2016\/03\/Jael02.jpeg 1156w\" sizes=\"(max-width: 206px) 100vw, 206px\" \/><\/a>\n\t\t\t<\/div><\/figure><figure class='gallery-item'>\n\t\t\t<div class='gallery-icon portrait'>\n\t\t\t\t<a data-elementor-open-lightbox=\"yes\" data-elementor-lightbox-slideshow=\"b3214f5\" data-elementor-lightbox-title=\"9 Jahre alt (Oktober 2010)\" href='https:\/\/www.trisomie-18.de\/blog\/wp-content\/uploads\/2015\/01\/Jael_anteilnahme1.jpg'><img width=\"200\" height=\"300\" src=\"https:\/\/www.trisomie-18.de\/blog\/wp-content\/uploads\/2015\/01\/Jael_anteilnahme1-200x300.jpg\" class=\"attachment-medium size-medium\" alt=\"\" loading=\"lazy\" srcset=\"https:\/\/www.trisomie-18.de\/blog\/wp-content\/uploads\/2015\/01\/Jael_anteilnahme1-200x300.jpg 200w, https:\/\/www.trisomie-18.de\/blog\/wp-content\/uploads\/2015\/01\/Jael_anteilnahme1.jpg 600w\" sizes=\"(max-width: 200px) 100vw, 200px\" \/><\/a>\n\t\t\t<\/div><\/figure><figure class='gallery-item'>\n\t\t\t<div class='gallery-icon portrait'>\n\t\t\t\t<a data-elementor-open-lightbox=\"yes\" data-elementor-lightbox-slideshow=\"b3214f5\" data-elementor-lightbox-title=\"Ja\u00ebl (Trisomie 18)\" href='https:\/\/www.trisomie-18.de\/blog\/wp-content\/uploads\/2019\/08\/Jae\u0308l-fo\u0308rdert-Umdenken-in-der-Medizin.jpg'><img width=\"200\" height=\"300\" src=\"https:\/\/www.trisomie-18.de\/blog\/wp-content\/uploads\/2019\/08\/Jae\u0308l-fo\u0308rdert-Umdenken-in-der-Medizin-200x300.jpg\" class=\"attachment-medium size-medium\" alt=\"Ja\u00ebl (ignorierte die Lehrb\u00fccher der Medizin zu Trisomie 18) im Alter von 9 Jahren\" loading=\"lazy\" srcset=\"https:\/\/www.trisomie-18.de\/blog\/wp-content\/uploads\/2019\/08\/Jae\u0308l-fo\u0308rdert-Umdenken-in-der-Medizin-200x300.jpg 200w, https:\/\/www.trisomie-18.de\/blog\/wp-content\/uploads\/2019\/08\/Jae\u0308l-fo\u0308rdert-Umdenken-in-der-Medizin.jpg 667w\" sizes=\"(max-width: 200px) 100vw, 200px\" \/><\/a>\n\t\t\t<\/div><\/figure>\n\t\t<\/div>\n\t\t<\/div>\n\t\t\t\t<\/div>\n\t\t\t\t<\/div>\n\t\t\t\t\t\t<\/div>\n\t\t\t\t\t<\/div>\n\t\t<\/div>\n\t\t\t\t\t\t\t\t<\/div>\n\t\t\t\t\t<\/div>\n\t\t<\/section>\n\t\t\t\t<section class=\"elementor-section elementor-top-section elementor-element elementor-element-05969d5 elementor-section-boxed elementor-section-height-default elementor-section-height-default\" data-id=\"05969d5\" data-element_type=\"section\">\n\t\t\t\t\t\t<div class=\"elementor-container elementor-column-gap-default\">\n\t\t\t\t\t\t\t<div class=\"elementor-row\">\n\t\t\t\t\t<div class=\"elementor-column elementor-col-100 elementor-top-column elementor-element elementor-element-7aa90a0\" data-id=\"7aa90a0\" data-element_type=\"column\">\n\t\t\t<div class=\"elementor-column-wrap elementor-element-populated\">\n\t\t\t\t\t\t\t<div class=\"elementor-widget-wrap\">\n\t\t\t\t\t\t<div class=\"elementor-element elementor-element-31d3f7e elementor-widget elementor-widget-heading\" data-id=\"31d3f7e\" data-element_type=\"widget\" data-widget_type=\"heading.default\">\n\t\t\t\t<div class=\"elementor-widget-container\">\n\t\t\t<h1 class=\"elementor-heading-title elementor-size-large\">Unser Wunder<\/h1>\t\t<\/div>\n\t\t\t\t<\/div>\n\t\t\t\t\t\t<\/div>\n\t\t\t\t\t<\/div>\n\t\t<\/div>\n\t\t\t\t\t\t\t\t<\/div>\n\t\t\t\t\t<\/div>\n\t\t<\/section>\n\t\t\t\t<section class=\"elementor-section elementor-top-section elementor-element elementor-element-5d7d0396 elementor-section-boxed elementor-section-height-default elementor-section-height-default\" data-id=\"5d7d0396\" data-element_type=\"section\">\n\t\t\t\t\t\t<div class=\"elementor-container elementor-column-gap-default\">\n\t\t\t\t\t\t\t<div class=\"elementor-row\">\n\t\t\t\t\t<div class=\"elementor-column elementor-col-100 elementor-top-column elementor-element elementor-element-7423d90f\" data-id=\"7423d90f\" data-element_type=\"column\">\n\t\t\t<div class=\"elementor-column-wrap elementor-element-populated\">\n\t\t\t\t\t\t\t<div class=\"elementor-widget-wrap\">\n\t\t\t\t\t\t<div class=\"elementor-element elementor-element-213075b9 elementor-widget elementor-widget-text-editor\" data-id=\"213075b9\" data-element_type=\"widget\" data-widget_type=\"text-editor.default\">\n\t\t\t\t<div class=\"elementor-widget-container\">\n\t\t\t\t\t<div class=\"elementor-text-editor elementor-clearfix\"><p data-start=\"1364\" data-end=\"1572\">Unsere Tochter <strong data-start=\"1379\" data-end=\"1387\">Ja\u00ebl<\/strong> wurde im September 2001 geboren \u2013 mit der Diagnose <strong data-start=\"1439\" data-end=\"1478\">Freie Trisomie 18 (Edwards-Syndrom)<\/strong>. Die \u00c4rztinnen und \u00c4rzte gaben uns nur wenige Stunden, vielleicht Tage oder Wochen mit ihr.<\/p><p data-start=\"1574\" data-end=\"1867\">Doch Ja\u00ebl hat uns <strong data-start=\"1592\" data-end=\"1627\">13 Jahre ihres Lebens geschenkt<\/strong>. 13 Jahre voller Liebe, Lachen, Staunen und unendlich vieler kleiner Wunder. Ihre Lebensfreude war ansteckend, ihre Gegenwart heilsam. Sie hat uns \u2013 und viele, die ihr begegnet sind \u2013 gelehrt, was es hei\u00dft, das Leben wirklich zu lieben.<\/p><p data-start=\"1869\" data-end=\"2094\">Kurz nach ihrer Geburt begannen wir, hier im <strong data-start=\"1914\" data-end=\"1958\"><a class=\"decorated-link\" href=\"https:\/\/www.trisomie-18.de\" rel=\"noopener\" data-start=\"1916\" data-end=\"1956\">Blog<\/a><\/strong> \u00fcber unseren Weg zu schreiben: \u00fcber Fragen, die uns bewegten, \u00fcber Zweifel, Gl\u00fcck und das Lernen im Alltag mit einem besonderen Kind.<\/p><p data-start=\"2096\" data-end=\"2435\">Aus diesen Erfahrungen ist sp\u00e4ter unser Buch <a href=\"https:\/\/www.trisomie-18.de\/blog\/das-buch-umarmen-und-loslassen\/\"><strong data-start=\"2141\" data-end=\"2235\">\u201eUmarmen und loslassen\u201c<\/strong><\/a> entstanden. Darin erz\u00e4hlen wir Ja\u00ebls Geschichte und teilen Gedanken zu Themen wie <strong data-start=\"2320\" data-end=\"2337\">Gl\u00fccklichsein<\/strong>, <strong data-start=\"2339\" data-end=\"2349\">Trauer<\/strong>, <strong data-start=\"2351\" data-end=\"2372\">Lebensphilosophie<\/strong>, <strong data-start=\"2374\" data-end=\"2396\">Kinderhospizarbeit<\/strong> und dem Vertrauen in das, was tr\u00e4gt.<\/p><p data-start=\"2437\" data-end=\"2721\">Heute d\u00fcrfen wir Ja\u00ebls Geschichte auf <a href=\"https:\/\/www.trisomie-18.de\/blog\/veranstaltungen\/\"><strong data-start=\"2475\" data-end=\"2541\">Lesungen und Vortr\u00e4gen<\/strong><\/a> im ganzen deutschsprachigen Raum weitergeben \u2013 als Einladung, das Leben in all seinen Facetten zu umarmen und Hoffnung dort zu finden, wo man sie vielleicht nicht mehr vermutet.<\/p><p data-start=\"2723\" data-end=\"2938\">Seit 2022 sind wir <a href=\"https:\/\/www.kinderhospiz-burgholz.de\/aktuelles-884.html\"><strong data-start=\"2742\" data-end=\"2861\">Botschafterin und Botschafter des Bergischen Kinder- und Jugendhospiz Burgholz, <\/strong>\u00a0<\/a>dankbar, dass wir Ja\u00ebls Verm\u00e4chtnis auf diese Weise weitertragen d\u00fcrfen.<\/p><p data-start=\"2940\" data-end=\"3009\">Ja\u00ebl war unser gr\u00f6\u00dftes Wunder \u2013 und sie bleibt es bis heute.<\/p><\/div>\n\t\t\t\t<\/div>\n\t\t\t\t<\/div>\n\t\t\t\t\t\t<\/div>\n\t\t\t\t\t<\/div>\n\t\t<\/div>\n\t\t\t\t\t\t\t\t<\/div>\n\t\t\t\t\t<\/div>\n\t\t<\/section>\n\t\t\t\t<section class=\"elementor-section elementor-top-section elementor-element elementor-element-9feb4b2 elementor-section-boxed elementor-section-height-default elementor-section-height-default\" data-id=\"9feb4b2\" data-element_type=\"section\">\n\t\t\t\t\t\t<div class=\"elementor-container elementor-column-gap-default\">\n\t\t\t\t\t\t\t<div class=\"elementor-row\">\n\t\t\t\t\t<div class=\"elementor-column elementor-col-100 elementor-top-column elementor-element elementor-element-674bf45\" data-id=\"674bf45\" data-element_type=\"column\">\n\t\t\t<div class=\"elementor-column-wrap elementor-element-populated\">\n\t\t\t\t\t\t\t<div class=\"elementor-widget-wrap\">\n\t\t\t\t\t\t<div class=\"elementor-element elementor-element-9a7ddae elementor-widget elementor-widget-image\" data-id=\"9a7ddae\" data-element_type=\"widget\" data-widget_type=\"image.default\">\n\t\t\t\t<div class=\"elementor-widget-container\">\n\t\t\t\t\t<div class=\"elementor-image\">\n\t\t\t\t\t\t\t\t\t\t\t<a href=\"https:\/\/www.penguin.de\/buecher\/shabnam-arzt-umarmen-und-loslassen\/buch\/9783453280991\">\n\t\t\t\t\t\t\t<img width=\"187\" height=\"300\" src=\"https:\/\/www.trisomie-18.de\/blog\/wp-content\/uploads\/2025\/03\/Arzt_Umarmen_und_loslassen_Cover-187x300.jpg\" class=\"attachment-medium size-medium\" alt=\"Buchcover mit dem Titel &#039;Umarmen und loslassen&#039;, zeigt ein l\u00e4chelndes Kind mit einem bunten Hut. Untertitel beschreibt die Erfahrungen der Eltern mit ihrer todkranken Tochter.\" loading=\"lazy\" srcset=\"https:\/\/www.trisomie-18.de\/blog\/wp-content\/uploads\/2025\/03\/Arzt_Umarmen_und_loslassen_Cover-187x300.jpg 187w, https:\/\/www.trisomie-18.de\/blog\/wp-content\/uploads\/2025\/03\/Arzt_Umarmen_und_loslassen_Cover.jpg 623w\" sizes=\"(max-width: 187px) 100vw, 187px\" \/>\t\t\t\t\t\t\t\t<\/a>\n\t\t\t\t\t\t\t\t\t\t\t<\/div>\n\t\t\t\t<\/div>\n\t\t\t\t<\/div>\n\t\t\t\t\t\t<\/div>\n\t\t\t\t\t<\/div>\n\t\t<\/div>\n\t\t\t\t\t\t\t\t<\/div>\n\t\t\t\t\t<\/div>\n\t\t<\/section>\n\t\t\t\t\t\t<\/div>\n\t\t\t\t\t\t<\/div>\n\t\t\t\t\t<\/div>\n\t\t","protected":false},"excerpt":{"rendered":"<p>Unser Wunder Unsere Tochter Ja\u00ebl wurde im September 2001 geboren \u2013 mit der Diagnose Freie Trisomie 18 (Edwards-Syndrom). Die \u00c4rztinnen und \u00c4rzte gaben uns nur wenige Stunden, vielleicht Tage oder Wochen mit ihr. Doch Ja\u00ebl hat uns 13 Jahre ihres Lebens geschenkt. 13 Jahre voller Liebe, Lachen, Staunen und unendlich vieler kleiner Wunder. Ihre Lebensfreude [&hellip;]<\/p>\n","protected":false},"author":1,"featured_media":0,"parent":0,"menu_order":0,"comment_status":"closed","ping_status":"closed","template":"","meta":[],"_links":{"self":[{"href":"https:\/\/www.trisomie-18.de\/blog\/wp-json\/wp\/v2\/pages\/69"}],"collection":[{"href":"https:\/\/www.trisomie-18.de\/blog\/wp-json\/wp\/v2\/pages"}],"about":[{"href":"https:\/\/www.trisomie-18.de\/blog\/wp-json\/wp\/v2\/types\/page"}],"author":[{"embeddable":true,"href":"https:\/\/www.trisomie-18.de\/blog\/wp-json\/wp\/v2\/users\/1"}],"replies":[{"embeddable":true,"href":"https:\/\/www.trisomie-18.de\/blog\/wp-json\/wp\/v2\/comments?post=69"}],"version-history":[{"count":53,"href":"https:\/\/www.trisomie-18.de\/blog\/wp-json\/wp\/v2\/pages\/69\/revisions"}],"predecessor-version":[{"id":4164,"href":"https:\/\/www.trisomie-18.de\/blog\/wp-json\/wp\/v2\/pages\/69\/revisions\/4164"}],"wp:attachment":[{"href":"https:\/\/www.trisomie-18.de\/blog\/wp-json\/wp\/v2\/media?parent=69"}],"curies":[{"name":"wp","href":"https:\/\/api.w.org\/{rel}","templated":true}]}}

Das Leben von Jaël

<div data-elementor-type="wp-page" data-elementor-id="69" class="elementor elementor-69" data-elementor-settings="[]">
						<div class="elementor-inner">
							<div class="elementor-section-wrap">
							<section class="elementor-section elementor-top-section elementor-element elementor-element-5bab7b6 elementor-section-boxed elementor-section-height-default elementor-section-height-default" data-id="5bab7b6" data-element_type="section">
						<div class="elementor-container elementor-column-gap-default">
							<div class="elementor-row">
					<div class="elementor-column elementor-col-100 elementor-top-column elementor-element elementor-element-c4aa2fa" data-id="c4aa2fa" data-element_type="column">
			<div class="elementor-column-wrap elementor-element-populated">
							<div class="elementor-widget-wrap">
						<div class="elementor-element elementor-element-b3214f5 gallery-spacing-custom elementor-widget elementor-widget-image-gallery" data-id="b3214f5" data-element_type="widget" data-widget_type="image-gallery.default">
				<div class="elementor-widget-container">
					<div class="elementor-image-gallery">
			<div id='gallery-1' class='gallery galleryid-69 gallery-columns-3 gallery-size-medium'><figure class='gallery-item'>
			<div class='gallery-icon portrait'>
				<a data-elementor-open-lightbox="yes" data-elementor-lightbox-slideshow="b3214f5" data-elementor-lightbox-title="Kurz nach der Geburt (September 2001)" href='https://www.trisomie-18.de/blog/wp-content/uploads/2016/03/Jael02.jpeg'><img width="206" height="300" src="https://www.trisomie-18.de/blog/wp-content/uploads/2016/03/Jael02-206x300.jpeg" class="attachment-medium size-medium" alt="Jaël (Trisomie 18) kurz nach der Geburt, die Augen sind noch geschlossen." loading="lazy" srcset="https://www.trisomie-18.de/blog/wp-content/uploads/2016/03/Jael02-206x300.jpeg 206w, https://www.trisomie-18.de/blog/wp-content/uploads/2016/03/Jael02-704x1024.jpeg 704w, https://www.trisomie-18.de/blog/wp-content/uploads/2016/03/Jael02.jpeg 1156w" sizes="(max-width: 206px) 100vw, 206px" /></a>
			</div></figure><figure class='gallery-item'>
			<div class='gallery-icon portrait'>
				<a data-elementor-open-lightbox="yes" data-elementor-lightbox-slideshow="b3214f5" data-elementor-lightbox-title="9 Jahre alt (Oktober 2010)" href='https://www.trisomie-18.de/blog/wp-content/uploads/2015/01/Jael_anteilnahme1.jpg'><img width="200" height="300" src="https://www.trisomie-18.de/blog/wp-content/uploads/2015/01/Jael_anteilnahme1-200x300.jpg" class="attachment-medium size-medium" alt="" loading="lazy" srcset="https://www.trisomie-18.de/blog/wp-content/uploads/2015/01/Jael_anteilnahme1-200x300.jpg 200w, https://www.trisomie-18.de/blog/wp-content/uploads/2015/01/Jael_anteilnahme1.jpg 600w" sizes="(max-width: 200px) 100vw, 200px" /></a>
			</div></figure><figure class='gallery-item'>
			<div class='gallery-icon portrait'>
				<a data-elementor-open-lightbox="yes" data-elementor-lightbox-slideshow="b3214f5" data-elementor-lightbox-title="Jaël (Trisomie 18)" href='https://www.trisomie-18.de/blog/wp-content/uploads/2019/08/Jaël-fördert-Umdenken-in-der-Medizin.jpg'><img width="200" height="300" src="https://www.trisomie-18.de/blog/wp-content/uploads/2019/08/Jaël-fördert-Umdenken-in-der-Medizin-200x300.jpg" class="attachment-medium size-medium" alt="Jaël (ignorierte die Lehrbücher der Medizin zu Trisomie 18) im Alter von 9 Jahren" loading="lazy" srcset="https://www.trisomie-18.de/blog/wp-content/uploads/2019/08/Jaël-fördert-Umdenken-in-der-Medizin-200x300.jpg 200w, https://www.trisomie-18.de/blog/wp-content/uploads/2019/08/Jaël-fördert-Umdenken-in-der-Medizin.jpg 667w" sizes="(max-width: 200px) 100vw, 200px" /></a>
			</div></figure>
		</div>
		</div>
				</div>
				</div>
						</div>
					</div>
		</div>
								</div>
					</div>
		</section>
				<section class="elementor-section elementor-top-section elementor-element elementor-element-05969d5 elementor-section-boxed elementor-section-height-default elementor-section-height-default" data-id="05969d5" data-element_type="section">
						<div class="elementor-container elementor-column-gap-default">
							<div class="elementor-row">
					<div class="elementor-column elementor-col-100 elementor-top-column elementor-element elementor-element-7aa90a0" data-id="7aa90a0" data-element_type="column">
			<div class="elementor-column-wrap elementor-element-populated">
							<div class="elementor-widget-wrap">
						<div class="elementor-element elementor-element-31d3f7e elementor-widget elementor-widget-heading" data-id="31d3f7e" data-element_type="widget" data-widget_type="heading.default">
				<div class="elementor-widget-container">
			<h1 class="elementor-heading-title elementor-size-large">Unser Wunder</h1>		</div>
				</div>
						</div>
					</div>
		</div>
								</div>
					</div>
		</section>
				<section class="elementor-section elementor-top-section elementor-element elementor-element-5d7d0396 elementor-section-boxed elementor-section-height-default elementor-section-height-default" data-id="5d7d0396" data-element_type="section">
						<div class="elementor-container elementor-column-gap-default">
							<div class="elementor-row">
					<div class="elementor-column elementor-col-100 elementor-top-column elementor-element elementor-element-7423d90f" data-id="7423d90f" data-element_type="column">
			<div class="elementor-column-wrap elementor-element-populated">
							<div class="elementor-widget-wrap">
						<div class="elementor-element elementor-element-213075b9 elementor-widget elementor-widget-text-editor" data-id="213075b9" data-element_type="widget" data-widget_type="text-editor.default">
				<div class="elementor-widget-container">
					<div class="elementor-text-editor elementor-clearfix"><p data-start="1364" data-end="1572">Unsere Tochter <strong data-start="1379" data-end="1387">Jaël</strong> wurde im September 2001 geboren – mit der Diagnose <strong data-start="1439" data-end="1478">Freie Trisomie 18 (Edwards-Syndrom)</strong>. Die Ärztinnen und Ärzte gaben uns nur wenige Stunden, vielleicht Tage oder Wochen mit ihr.</p><p data-start="1574" data-end="1867">Doch Jaël hat uns <strong data-start="1592" data-end="1627">13 Jahre ihres Lebens geschenkt</strong>. 13 Jahre voller Liebe, Lachen, Staunen und unendlich vieler kleiner Wunder. Ihre Lebensfreude war ansteckend, ihre Gegenwart heilsam. Sie hat uns – und viele, die ihr begegnet sind – gelehrt, was es heißt, das Leben wirklich zu lieben.</p><p data-start="1869" data-end="2094">Kurz nach ihrer Geburt begannen wir, hier im <strong data-start="1914" data-end="1958"><a class="decorated-link" href="https://www.trisomie-18.de" rel="noopener" data-start="1916" data-end="1956">Blog</a></strong> über unseren Weg zu schreiben: über Fragen, die uns bewegten, über Zweifel, Glück und das Lernen im Alltag mit einem besonderen Kind.</p><p data-start="2096" data-end="2435">Aus diesen Erfahrungen ist später unser Buch <a href="https://www.trisomie-18.de/blog/das-buch-umarmen-und-loslassen/"><strong data-start="2141" data-end="2235">„Umarmen und loslassen“</strong></a> entstanden. Darin erzählen wir Jaëls Geschichte und teilen Gedanken zu Themen wie <strong data-start="2320" data-end="2337">Glücklichsein</strong>, <strong data-start="2339" data-end="2349">Trauer</strong>, <strong data-start="2351" data-end="2372">Lebensphilosophie</strong>, <strong data-start="2374" data-end="2396">Kinderhospizarbeit</strong> und dem Vertrauen in das, was trägt.</p><p data-start="2437" data-end="2721">Heute dürfen wir Jaëls Geschichte auf <a href="https://www.trisomie-18.de/blog/veranstaltungen/"><strong data-start="2475" data-end="2541">Lesungen und Vorträgen</strong></a> im ganzen deutschsprachigen Raum weitergeben – als Einladung, das Leben in all seinen Facetten zu umarmen und Hoffnung dort zu finden, wo man sie vielleicht nicht mehr vermutet.</p><p data-start="2723" data-end="2938">Seit 2022 sind wir <a href="https://www.kinderhospiz-burgholz.de/aktuelles-884.html"><strong data-start="2742" data-end="2861">Botschafterin und Botschafter des Bergischen Kinder- und Jugendhospiz Burgholz, </strong> </a>dankbar, dass wir Jaëls Vermächtnis auf diese Weise weitertragen dürfen.</p><p data-start="2940" data-end="3009">Jaël war unser größtes Wunder – und sie bleibt es bis heute.</p></div>
				</div>
				</div>
						</div>
					</div>
		</div>
								</div>
					</div>
		</section>
				<section class="elementor-section elementor-top-section elementor-element elementor-element-9feb4b2 elementor-section-boxed elementor-section-height-default elementor-section-height-default" data-id="9feb4b2" data-element_type="section">
						<div class="elementor-container elementor-column-gap-default">
							<div class="elementor-row">
					<div class="elementor-column elementor-col-100 elementor-top-column elementor-element elementor-element-674bf45" data-id="674bf45" data-element_type="column">
			<div class="elementor-column-wrap elementor-element-populated">
							<div class="elementor-widget-wrap">
						<div class="elementor-element elementor-element-9a7ddae elementor-widget elementor-widget-image" data-id="9a7ddae" data-element_type="widget" data-widget_type="image.default">
				<div class="elementor-widget-container">
					<div class="elementor-image">
											<a href="https://www.penguin.de/buecher/shabnam-arzt-umarmen-und-loslassen/buch/9783453280991">
							<img width="187" height="300" src="https://www.trisomie-18.de/blog/wp-content/uploads/2025/03/Arzt_Umarmen_und_loslassen_Cover-187x300.jpg" class="attachment-medium size-medium" alt="Buchcover mit dem Titel &#039;Umarmen und loslassen&#039;, zeigt ein lächelndes Kind mit einem bunten Hut. Untertitel beschreibt die Erfahrungen der Eltern mit ihrer todkranken Tochter." loading="lazy" srcset="https://www.trisomie-18.de/blog/wp-content/uploads/2025/03/Arzt_Umarmen_und_loslassen_Cover-187x300.jpg 187w, https://www.trisomie-18.de/blog/wp-content/uploads/2025/03/Arzt_Umarmen_und_loslassen_Cover.jpg 623w" sizes="(max-width: 187px) 100vw, 187px" />								</a>
											</div>
				</div>
				</div>
						</div>
					</div>
		</div>
								</div>
					</div>
		</section>
						</div>
						</div>
					</div>

<p>Unser Wunder Unsere Tochter Jaël wurde im September 2001 geboren – mit der Diagnose Freie Trisomie 18 (Edwards-Syndrom). Die Ärztinnen und Ärzte gaben uns nur wenige Stunden, vielleicht Tage oder Wochen mit ihr. Doch Jaël hat uns 13 Jahre ihres Lebens geschenkt. 13 Jahre voller Liebe, Lachen, Staunen und unendlich vieler kleiner Wunder. Ihre Lebensfreude [&hellip;]</p>
